 a**2 + 9*a + 6. Let v be t(-5). What is the units digit of (1 + -20)*v - -1?
0
Let q(a) = a**2 - 8*a - 20. Let r be q(10). Suppose 59*b - 53*b - 1572 = r. What is the tens digit of b?
6
Let z be 3/3 + (1 - 0 - -2). Suppose -w + 72 = -2*r, 2*w + z*r + 308 = 6*w. What is the units digit of w?
2
Let q(d) = -d**3 + 35*d**2 - 2*d + 71. What is the hundreds digit of q(8)?
7
Suppose 22*w - 2391 = 24823. What is the hundreds digit of w?
2
Let c(p) = -p**3 - 8*p**2 - p - 5. Let x be c(-8). Suppose 251 = x*i - 43. What is the units digit of i?
8
Suppose -8*i = -43*i + 3465. What is the units digit of i?
9
Let a(f) = 2*f - 2 + 0 - 147*f**3 + 163*f**3. What is the units digit of a(1)?
6
Suppose -128*y = -124*y - 2324. What is the tens digit of y?
8
Let i = 221 - 140. Suppose -5*l = -8*l + i. What is the units digit of l?
7
Let o(m) = -4*m**2 + 2*m - 2. Let u be o(5). Let c = -37 - u. What is the tens digit of c?
5
Suppose 2*x + 32 = -0*x. What is the tens digit of (-11)/3*48/x?
1
Suppose 0 = 4*r - 4, -4*r + 3615 + 994 = 3*z. What is the tens digit of z?
3
Suppose 16 = -2*n - 0. Let j be (n - -10) + 1*3. What is the tens digit of (-1 - 0)/(j/(-130))?
2
Let u = 110 + -35. Let t = 132 - u. What is the tens digit of t?
5
Let x = -38 - -95. Suppose o + 2*k - x = 0, -333 = -2*o - 3*o + 2*k. What is the units digit of o?
5
What is the tens digit of (-7)/(-21)*-15 - -1654?
4
Suppose -4*l - 4770 = c - 6*c, 4*l - 2894 = -3*c. What is the tens digit of c?
5
Suppose 0 = 5*z + 2*m + 1, -3*m - 5 = 4*z - 0*z. What is the units digit of (z - 0 - 4)/(-1)?
3
Let o(g) = -408*g + 91. What is the tens digit of o(-7)?
4
Let b(v) = 8*v**2 + 42*v - 159. What is the hundreds digit of b(-30)?
7
Suppose -2*l + 365 = 4*v - 5*l, 0 = -v - 4*l + 96. Suppose 5*b = -0*b - 330. Let i = v + b. What is the tens digit of i?
2
Let b(r) = 79*r**2 + 6*r + 13. What is the tens digit of b(-3)?
0
Suppose -7*p = -2*p + 70. Let f be (4 + (-9)/3)*p. What is the tens digit of ((-60)/f)/((-9)/(-63))?
3
Let o(n) = n**2 - 7*n - 1. Suppose -2*w - 2*s = 2, 4*w + 3*s - 1 = -2. Suppose 2*p - w = -0*p, -7 = -k + p. What is the units digit of o(k)?
7
Let y = -711 + 2419. What is the hundreds digit of (y/(-21))/(-2 - (-12)/9)?
1
Let i = 2396 + -893. What is the hundreds digit of i?
5
Suppose -5*s = 0, -3*s = 5*t + s - 310. What is the tens digit of t?
6
Suppose -5*j + 20 = 0, b + j = -3*j + 70. Let k = b - 40. What is the units digit of k?
4
Let u = 10 - 2. Suppose u = 2*n - 2. Suppose -4*k - 50 = -3*j, 5*k + 94 - 4 = n*j. What is the units digit of j?
2
Let v(l) = -l + 4. Let x = -58 - -98. Let b be x/15*18/(-8). What is the tens digit of v(b)?
1
Let t be ((-196)/84)/(-1 - (-14)/15). Let a = -27 + t. What is the units digit of a?
8
Let z = 3827 + -1898. What is the thousands digit of z?
1
Suppose -3*t - q = -6*q - 19, -4 = 2*q. Let n = 34 + t. What is the units digit of n?
7
Let k(m) = m**2 + 8*m. Suppose 2*x + 6 = -10. Let g be k(x). Suppose 5*r + t - 107 = -g*t, 0 = r - 3*t - 15. What is the tens digit of r?
2
Let a = 722 + -409. What is the tens digit of a?
1
Suppose -3590 = -67*m + 62*m. What is the tens digit of m?
1
Let v(f) = f**3 - 2*f**2 + 9*f + 57. What is the thousands digit of v(11)?
1
Let y = 69 - 67. Suppose y*m = 10*m - 1184. What is the tens digit of m?
4
Let k be (-776)/(-9) - 10/45. Suppose -2*h = -4*x - 0 + k, -5 = h. What is the tens digit of x?
1
Let a(s) be the first derivative of 8*s**2 - 20*s + 6. What is the units digit of a(7)?
2
Let t(p) be the first derivative of 3*p**2/2 + 12*p + 10. What is the units digit of t(8)?
6
Let n = 213 + 250. What is the hundreds digit of n?
4
Let k(a) = a + 2. Let g be k(-1). Let y be 22/(-18) - 2/(-9). What is the units digit of y*g/1*-9?
9
What is the tens digit of ((-4)/(-26) - 19/39)*-13083?
6
Let p = -820 - -1015. What is the units digit of p?
5
Suppose -3*j - 19 + 154 = 0. Suppose -4*q = -5*p + j, 3*p - 3 + 8 = -4*q. Suppose -p*o = -4*r - 80, -2*r = 4*o - r - 85. What is the tens digit of o?
2
Let d(h) = -h + 2. Let b be d(6). What is the hundreds digit of (-2916)/(-26) + (b - (-250)/65)?
1
Let c be ((-48)/(-18) + -3)*(-3 + 0). Suppose -c = 5*z - 16. What is the units digit of z?
3
Suppose -4*p = a - 728, -p + 789 = 4*a - 2168. What is the tens digit of a?
4
Let x = -1484 + 3557. What is the tens digit of x?
7
Suppose -4*p + 5*s - 182 = 0, 5*p + 232 = -0*p + 4*s. Let y = -9 - p. What is the tens digit of y?
3
Let p = -822 - -1717. What is the units digit of p?
5
Suppose 4*s - 22 = 2*k, -5 + 3 = s - 3*k. Suppose s*v + 168 = 11*v. What is the units digit of v?
2
Let b = -193 - -832. What is the hundreds digit of b?
6
Let i = 160 - 155. Let q(s) = s**3 - s**2 + 11*s - 4. What is the units digit of q(i)?
1
Let w be (-87)/(-8) + (-1)/(-8). Let u(s) = s**2 - 10*s + 9. Let q be u(w). What is the units digit of ((-96)/q)/(-6)*30?
4
Let b = -26 - -28. Suppose 0 = b*x - 28 + 12. What is the units digit of x?
8
Let z(q) be the second derivative of q**4/12 - 2*q**3/3 + 5*q**2/2 + 8*q. Let u be z(5). What is the units digit of (u/(-3))/(2/(-12))?
0
Suppose -4*c + 1168 + 1336 = 0. What is the hundreds digit of c?
6
Suppose 0 = -2*y - 6*p + 3*p - 6, -y + 3*p + 6 = 0. Suppose -q - 4*q = -5*k + 150, y = 4*k - 2*q - 122. What is the tens digit of k?
3
Let l = -16 + 21. Suppose -3*o + 4*q + 364 = 0, -22 = -4*o + l*q + 464. Suppose -7*g = -170 - o. What is the units digit of g?
2
Suppose -3*l + 17 = 2. Suppose -l*o - 4*q + 9*q = 50, 3*o + 36 = q. Let d = o - -26. What is the tens digit of d?
1
Let h(k) = -403*k - 172. What is the hundreds digit of h(-8)?
0
Suppose -98*g - 468 = -102*g. Let t = g + -115. What is the units digit of t?
2
Suppose 4*w - 28*i = -30*i + 10, -15 = -3*i. Let u = 6 + -1. Suppose -30 = -5*r - w*r + u*d, 3*r - 2*d = 22. What is the units digit of r?
0
Suppose 2*z - 349 - 539 = 0. Suppose -8*u + 12*u = z. What is the units digit of u?
1
Suppose -9*y = 14*y - 21574. What is the hundreds digit of y?
9
Let d = -12 + 16. Let r be (-4 - -2) + d + -1. What is the tens digit of (r + (-5)/3)*-42?
2
Let s = 362 - -60. What is the hundreds digit of s?
4
Let m(y) = -y**2 - 7*y + 10. Let i be m(-8). Suppose -152 = -i*t + 2*f + 3*f, -152 = -2*t - 4*f. What is the units digit of t?
6
Let c = -153 + 304. What is the hundreds digit of -2 + c/4*4?
1
Suppose -2 - 7 = -u. Suppose 0 = l - 0*l + u. Let t(f) = -f**2 - 12*f + 5. What is the tens digit of t(l)?
3
Let n(k) = k. Let l be n(7). Let g(x) = x**2 + 3*x - 8. Let a(c) = 2*c**2 + 6*c - 17. Let d(m) = l*g(m) - 3*a(m). What is the units digit of d(-7)?
3
Suppose 0 = 3*s + 5*g - 334 - 234, -2*s + g + 383 = 0. What is the tens digit of s?
9
Suppose -5*o - 172 = 5*n - 6*n, 0 = -3*n + 3*o + 456. What is the units digit of n?
7
Let x = -6 + 5. Let p be (-1 - -3) + 1 + x. Let c(a) = 2*a**3 - 4*a**2 + 2*a + 2. What is the units digit of c(p)?
6
Suppose -48 = -0*v + 4*v. Let l be 4 - -9*v/9. Let w(x) = -x**2 - 10*x - 8. What is the units digit of w(l)?
8
Suppose v + 3*v = -2*z - 2, -5*z + 5*v = 5. What is the tens digit of (0 - z/(-6)) + 14763/126?
1
Suppose 5*l + 7 = -8. Let q(r) = -2*r**3 + r**2 + 3*r + 3. What is the tens digit of q(l)?
5
Let r(h) = 34*h + 248. What is the hundreds digit of r(46)?
8
Let r(h) = 942*h - 229. What is the hundreds digit of r(5)?
4
Suppose -3*o + 166 = 4*k, 2*k - 16 = -2*k. What is the units digit of o?
0
What is the units digit of 8/72 - 3801/(-27)*5?
4
Suppose -2*k + 37 + 3 = 0. Suppose 4*z + k = 9*z. Suppose z*o - 54 = o. What is the units digit of o?
8
Let g be 4/(1 - -3)*13. Suppose 5 = g*i - 60. What is the units digit of i?
5
Let c be (-2 - 7/3)*(-2 - 1). Let g be (-16)/12*3/(-2). Suppose -5*y + g = -c. What is the units digit of y?
3
Let r = 38 - 43. Let s(a) = 41*a**2 - 2*a - 3. Let m be s(r). What is the tens digit of m/27 + 4/(-18)?
3
Suppose -6526 = -5*a + 4549. What is the units digit of a?
5
Let k(d) = d**3 - 9*d**2 + 4. Let z be k(9). Let p be 1*3/4*z. Suppose 2*r + p*l = 4*r - 157, 0 = -l - 5. What is the units digit of r?
1
Let z = -41 + 11. What is the units digit of (456/z)/((-4)/10)?
8
Let y be (-91)/(-35) - (-4)/10. Suppose y*b = 2*b - 6. What is the units digit of b/4*(-60)/18?
5
Suppose -3*j - 7 + 25 = 0. Suppose 22 = j*f - 722. What is the tens digit of f?
2
Su